{"id":2,"date":"2021-02-11T07:38:15","date_gmt":"2021-02-11T06:38:15","guid":{"rendered":"https:\/\/lausanne-usl.ch\/scrabble-lausanne\/?page_id=2"},"modified":"2021-02-13T15:37:17","modified_gmt":"2021-02-13T14:37:17","slug":"accueil","status":"publish","type":"page","link":"https:\/\/lausanne-usl.ch\/sea\/","title":{"rendered":"Accueil"},"content":{"rendered":"\n<div class=\"wp-block-columns is-layout-flex wp-container-core-columns-is-layout-28f84493 wp-block-columns-is-layout-flex\">\n<div class=\"wp-block-column is-layout-flow wp-block-column-is-layout-flow\" style=\"flex-basis:25%\">\n<figure class=\"wp-block-image size-large\"><img loading=\"lazy\" decoding=\"async\" width=\"224\" height=\"400\" src=\"https:\/\/lausanne-usl.ch\/sea\/wp-content\/uploads\/sites\/13\/2021\/02\/logo_sea.jpg\" alt=\"\" class=\"wp-image-652\" srcset=\"https:\/\/lausanne-usl.ch\/sea\/wp-content\/uploads\/sites\/13\/2021\/02\/logo_sea.jpg 224w, https:\/\/lausanne-usl.ch\/sea\/wp-content\/uploads\/sites\/13\/2021\/02\/logo_sea-168x300.jpg 168w\" sizes=\"auto, (max-width: 224px) 100vw, 224px\" \/><\/figure>\n\n\n\n<p><strong>Renseignements<\/strong><\/p>\n\n\n\n<p>Soci\u00e9t\u00e9 d\u2019Etudes Artistiques \u2013 Lausanne<br>Fondation : 1919<br>Pr\u00e9sidente : Marianne Fazan<br>Membres : 94<br><br>Local : Avenue de S\u00e9velin 54<br><br>Veuillez \u00e9crire \u00e0 :<br>Soci\u00e9t\u00e9 d&#8217;Etudes Artistiques<br>1000 Lausanne<br><a href=\"mailto:sealausanne@gmail.com\">Em@il<\/a><\/p>\n<\/div>\n\n\n\n<div class=\"wp-block-column is-layout-flow wp-block-column-is-layout-flow\" style=\"flex-basis:75%\">\n<h2 class=\"wp-block-heading\" style=\"font-size:25px\">Historique<\/h2>\n\n\n\n<p>Cr\u00e9\u00e9e en 1919, la Soci\u00e9t\u00e9 d\u2019Etudes Artistiques (SEA) est une association d\u2019amateurs de<br>dessin, peinture, collage, etc . La SEA est membre de L\u2019Union des Soci\u00e9t\u00e9s Lausannoises<br>(USL) aupr\u00e8s de laquelle r\u00e9side cette page.<\/p>\n\n\n\n<h2 class=\"wp-block-heading\" style=\"font-size:25px\">Buts<\/h2>\n\n\n\n<p>Favoriser le travail artistique de chaque membre dans un esprit d\u2019amicale collaboration.<\/p>\n\n\n\n<h2 class=\"wp-block-heading\" style=\"font-size:25px\">Activit\u00e9s<\/h2>\n\n\n\n<ul class=\"wp-block-list\"><li>Les membres du comit\u00e9 \u00e9tablissent des programmes d\u2019activit\u00e9s tout en tenant compte<br>des desiderata des autres artistes. Nous nous retrouvons le jeudi soir au local (20 \u2013 22<br>heures) ou, lors de la belle saison, dans la nature. Divers th\u00e8mes et techniques sont<br>trait\u00e9s (dessin, aquarelle, pastel, etc..).<\/li><li>Des s\u00e9ances sont \u00e9galement consacr\u00e9es au dessin d\u2019acad\u00e9mie avec mod\u00e8les.<\/li><li>Les finances de la cotisation annuelle, des expositions et des s\u00e9ances d\u2019acad\u00e9mie se<br>paient \u00e0 l\u2019avance.<\/li><\/ul>\n\n\n\n<p>La SEA n\u2019est donc pas une \u00e9cole de dessin ou de peinture, mais des amateurs qui se<br>r\u00e9unissent pour pratiquer ensemble leur hobby, confronter leurs exp\u00e9riences et partager<br>leur savoir faire.<br>Expositions<\/p>\n\n\n\n<h2 class=\"wp-block-heading\" style=\"font-size:25px\">Expositions<\/h2>\n\n\n\n<p>Pour les membres actifs de la SEA, une exposition se tient tous les deux ans au Forum de l\u2019H\u00f4tel de Ville \u00e0 Lausanne. Cette exposition officielle a lieu avec le soutien des Autorit\u00e9s lausannoises. D\u2019autres occasions d\u2019expositions peuvent \u00eatre organis\u00e9es.<\/p>\n<\/div>\n<\/div>\n\n\n\n<div class=\"wp-block-block-image-gallery-block eb-gallery-img-wrapper columns-3\"><a class=\"eb-gallery-img-link caption-style-0 \" style=\"width:false;padding:3px 3px 3px 3px\" data-fslightbox=\"gallery\" data-caption=\"\" href=\"https:\/\/lausanne-usl.ch\/sea\/wp-content\/uploads\/sites\/13\/2021\/02\/sea1.jpg\"><img decoding=\"async\" class=\"eb-gallery-img\" src=\"https:\/\/lausanne-usl.ch\/sea\/wp-content\/uploads\/sites\/13\/2021\/02\/sea1.jpg\" style=\"border:0px none gray;filter:drop-shadow(0px 0px 0px gray)\"\/><span class=\"eb-gallery-img-caption\" style=\"display:flex;color:rgba(240,250,255,1);justify-content:center;align-items:flex-end;text-align:center;padding:0px 0px 0px 0px\"><\/span><\/a><a class=\"eb-gallery-img-link caption-style-0 \" style=\"width:false;padding:3px 3px 3px 3px\" data-fslightbox=\"gallery\" data-caption=\"\" href=\"https:\/\/lausanne-usl.ch\/sea\/wp-content\/uploads\/sites\/13\/2021\/02\/sea2.jpg\"><img decoding=\"async\" class=\"eb-gallery-img\" src=\"https:\/\/lausanne-usl.ch\/sea\/wp-content\/uploads\/sites\/13\/2021\/02\/sea2.jpg\" style=\"border:0px none gray;filter:drop-shadow(0px 0px 0px gray)\"\/><span class=\"eb-gallery-img-caption\" style=\"display:flex;color:rgba(240,250,255,1);justify-content:center;align-items:flex-end;text-align:center;padding:0px 0px 0px 0px\"><\/span><\/a><a class=\"eb-gallery-img-link caption-style-0 \" style=\"width:false;padding:3px 3px 3px 3px\" data-fslightbox=\"gallery\" data-caption=\"\" href=\"https:\/\/lausanne-usl.ch\/sea\/wp-content\/uploads\/sites\/13\/2021\/02\/sea3.jpg\"><img decoding=\"async\" class=\"eb-gallery-img\" src=\"https:\/\/lausanne-usl.ch\/sea\/wp-content\/uploads\/sites\/13\/2021\/02\/sea3.jpg\" style=\"border:0px none gray;filter:drop-shadow(0px 0px 0px gray)\"\/><span class=\"eb-gallery-img-caption\" style=\"display:flex;color:rgba(240,250,255,1);justify-content:center;align-items:flex-end;text-align:center;padding:0px 0px 0px 0px\"><\/span><\/a><\/div>\n","protected":false},"excerpt":{"rendered":"<p>Renseignements Soci\u00e9t\u00e9 d\u2019Etudes Artistiques \u2013 LausanneFondation : 1919Pr\u00e9sidente : Marianne FazanMembres : 94 Local : Avenue de S\u00e9velin 54 Veuillez \u00e9crire \u00e0 :Soci\u00e9t\u00e9 d&#8217;Etudes Artistiques1000 LausanneEm@il Historique Cr\u00e9\u00e9e en 1919, la Soci\u00e9t\u00e9 d\u2019Etudes Artistiques (SEA) est une association d\u2019amateurs dedessin, peinture, collage, etc . La SEA est membre de L\u2019Union des Soci\u00e9t\u00e9s Lausannoises(USL) aupr\u00e8s de [&hellip;]<\/p>\n","protected":false},"author":1,"featured_media":0,"parent":0,"menu_order":0,"comment_status":"closed","ping_status":"open","template":"","meta":{"_eb_attr":"","_uag_custom_page_level_css":"","site-sidebar-layout":"default","site-content-layout":"default","ast-site-content-layout":"default","site-content-style":"default","site-sidebar-style":"default","ast-global-header-display":"","ast-banner-title-visibility":"","ast-main-header-display":"","ast-hfb-above-header-display":"","ast-hfb-below-header-display":"","ast-hfb-mobile-header-display":"","site-post-title":"disabled","ast-breadcrumbs-content":"","ast-featured-img":"","footer-sml-layout":"","ast-disable-related-posts":"","theme-transparent-header-meta":"default","adv-header-id-meta":"","stick-header-meta":"","header-above-stick-meta":"","header-main-stick-meta":"","header-below-stick-meta":"","astra-migrate-meta-layouts":"default","ast-page-background-enabled":"default","ast-page-background-meta":{"desktop":{"background-color":"","background-image":"","background-repeat":"repeat","background-position":"center center","background-size":"auto","background-attachment":"scroll","background-type":"","background-media":"","overlay-type":"","overlay-color":"","overlay-opacity":"","overlay-gradient":""},"tablet":{"background-color":"","background-image":"","background-repeat":"repeat","background-position":"center center","background-size":"auto","background-attachment":"scroll","background-type":"","background-media":"","overlay-type":"","overlay-color":"","overlay-opacity":"","overlay-gradient":""},"mobile":{"background-color":"","background-image":"","background-repeat":"repeat","background-position":"center center","background-size":"auto","background-attachment":"scroll","background-type":"","background-media":"","overlay-type":"","overlay-color":"","overlay-opacity":"","overlay-gradient":""}},"ast-content-background-meta":{"desktop":{"background-color":"var(--ast-global-color-5)","background-image":"","background-repeat":"repeat","background-position":"center center","background-size":"auto","background-attachment":"scroll","background-type":"","background-media":"","overlay-type":"","overlay-color":"","overlay-opacity":"","overlay-gradient":""},"tablet":{"background-color":"var(--ast-global-color-5)","background-image":"","background-repeat":"repeat","background-position":"center center","background-size":"auto","background-attachment":"scroll","background-type":"","background-media":"","overlay-type":"","overlay-color":"","overlay-opacity":"","overlay-gradient":""},"mobile":{"background-color":"var(--ast-global-color-5)","background-image":"","background-repeat":"repeat","background-position":"center center","background-size":"auto","background-attachment":"scroll","background-type":"","background-media":"","overlay-type":"","overlay-color":"","overlay-opacity":"","overlay-gradient":""}},"footnotes":""},"class_list":["post-2","page","type-page","status-publish","hentry"],"uagb_featured_image_src":{"full":false,"thumbnail":false,"medium":false,"medium_large":false,"large":false,"thumblist":false,"thumbrelated":false,"meccarouselthumb":false,"gridsquare":false,"tileview":false,"1536x1536":false,"2048x2048":false},"uagb_author_info":{"display_name":"admclients","author_link":"https:\/\/lausanne-usl.ch\/sea\/author\/admclients\/"},"uagb_comment_info":0,"uagb_excerpt":"Renseignements Soci\u00e9t\u00e9 d\u2019Etudes Artistiques \u2013 LausanneFondation : 1919Pr\u00e9sidente : Marianne FazanMembres : 94 Local : Avenue de S\u00e9velin 54 Veuillez \u00e9crire \u00e0 :Soci\u00e9t\u00e9 d&#8217;Etudes Artistiques1000 LausanneEm@il Historique Cr\u00e9\u00e9e en 1919, la Soci\u00e9t\u00e9 d\u2019Etudes Artistiques (SEA) est une association d\u2019amateurs dedessin, peinture, collage, etc . La SEA est membre de L\u2019Union des Soci\u00e9t\u00e9s Lausannoises(USL) aupr\u00e8s de\u2026","_links":{"self":[{"href":"https:\/\/lausanne-usl.ch\/sea\/wp-json\/wp\/v2\/pages\/2","targetHints":{"allow":["GET"]}}],"collection":[{"href":"https:\/\/lausanne-usl.ch\/sea\/wp-json\/wp\/v2\/pages"}],"about":[{"href":"https:\/\/lausanne-usl.ch\/sea\/wp-json\/wp\/v2\/types\/page"}],"author":[{"embeddable":true,"href":"https:\/\/lausanne-usl.ch\/sea\/wp-json\/wp\/v2\/users\/1"}],"replies":[{"embeddable":true,"href":"https:\/\/lausanne-usl.ch\/sea\/wp-json\/wp\/v2\/comments?post=2"}],"version-history":[{"count":0,"href":"https:\/\/lausanne-usl.ch\/sea\/wp-json\/wp\/v2\/pages\/2\/revisions"}],"wp:attachment":[{"href":"https:\/\/lausanne-usl.ch\/sea\/wp-json\/wp\/v2\/media?parent=2"}],"curies":[{"name":"wp","href":"https:\/\/api.w.org\/{rel}","templated":true}]}}